e
Let n be 781 - (2 + (1 - 3)). Suppose 4*v - 3087 - n = 0. Is v prime?
True
Suppose -23 = 4*x - 3*r, 4*x + 3*r + 13 = -4. Let h(p) = -9*p - 11 + 3 - 5*p**2 - p**3 + 6*p**2. Is h(x) a prime number?
False
Suppose -7*m = c - 6*m - 1974, 0 = -4*c - m + 7905. Is c composite?
True
Let b(i) = 7834*i - 345. Is b(8) composite?
False
Let s(r) = 25*r**2 + 9*r + 9. Is s(-4) a prime number?
True
Suppose 13*y + 219025 = 38*y. Is y prime?
True
Let u(i) = -50*i + 41. Is u(-15) a composite number?
True
Suppose -3*m - 3*l = -6*m + 102, 0 = m + 2*l - 19. Suppose -2*h = 4*y - 4 - 22, -y = 5*h - m. Suppose 0 = -3*a + 6, -y*k = -2*a + 7 - 103. Is k composite?
True
Let h = -18 + 27. Suppose 0 = -3*x + h, -x = -0*k + 2*k + 5. Is 2 + -1 + (-88)/k composite?
False
Let g = -5 + 7. Suppose g*c = -3*u + 509, 4*c - 2*u = 510 + 500. Is c a prime number?
False
Let p be 258/(-12)*(-3 - -5). Let u be 4/(-14) - (-90)/21. Is p/(u/(-8)*2) prime?
True
Let s = 57 + -96. Let r = -28 - s. Is r composite?
False
Let b = -245227 + 406160. Is b composite?
False
Suppose 4*b = -5*w + 50, 2*w - 32 = -0*w - 4*b. Let i be (-1)/w - 31436/24. Is i/15*(-6)/4 composite?
False
Let q(x) = 10*x + 0 - 3 + 65*x**2 - 2 + 2. Let b be q(5). Let s = b - -211. Is s a prime number?
False
Let y = 12 + -15. Let i be (y*2)/(33/(-22)). Suppose -v + i*v = 771. Is v composite?
False
Let w = 10279 - 6620. Is w a prime number?
True
Let q(c) = -c + 3. Let r be q(2). Is (7044/(-60))/(r/(-5)) a prime number?
True
Suppose 2*u - 3*u = 0. Suppose -4*d - 2*m = -258, -d + 2*m = -2*m - 42. Suppose u*r = r - d. Is r a composite number?
True
Suppose 4*n - 7*n = -19461. Suppose 2*h = -1985 + n. Is h a composite number?
False
Suppose -1283581 = -25*w + 267544. Is w prime?
False
Let c(g) = 100*g + 7. Let v be ((-4)/(-1))/(4/4 + 0). Is c(v) a composite number?
True
Let j(u) = 5*u**2 + u + 1. Let t = 20 + -24. Is j(t) a prime number?
False
Let z(k) = -36*k**3 - 2*k**2 - 3*k - 17. Is z(-4) prime?
True
Let v(r) = -9*r + 6. Let a be v(3). Let i = a + 224. Is i a composite number?
True
Let y be (13 - 43)*244/(-10). Let l = y + -310. Is l composite?
True
Suppose -4*y + 168 = 56. Let p = 250 + -137. Suppose w - p = -y. Is w a prime number?
False
Let d = -6700 - -13701. Is 8/24*(0 + d - 2) a prime number?
True
Let c(q) = q**2 - q - 15. Let k be c(5). Suppose 3*p - 18 = -v, -5*v = -3*v - k*p - 3. Is 34/((-3)/(v/(-2))) prime?
False
Suppose 80*z + 61340 = 84*z. Is z a prime number?
False
Suppose -a - d = -2*d, 2*a = d + 5. Suppose 5 = 4*m - 7, 2*m - 536 = -a*q. Suppose -q = -0*o - 2*o. Is o a composite number?
False
Let i(b) = 4*b**2 + 4*b + 2. Let s be i(-1). Suppose -4*r + 32 + 525 = z, -2*r - s*z + 280 = 0. Is r prime?
True
Let g be 20/60 - (22/(-6) - -1). Suppose 4036 = g*u + u. Is u a prime number?
True
Let m(i) = -i + 39. Let x be m(0). Suppose -g + 0 + x = 0. Is g a composite number?
True
Suppose -16*c + 5636 = -14*c. Is c a prime number?
False
Let f(p) = -p**3 + 12*p**2 - 12*p + 16. Let s be f(11). Suppose s*n - 233 = -u, 3*n = 2*n + 2. Is u a composite number?
False
Is -7 - 14740/(-80) - 2/8 composite?
True
Let a(d) = 33247*d**3 + 2*d**2 - 9*d + 7. Is a(1) a prime number?
True
Suppose 2*g + l - 982 = 0, -g - 2477 = -6*g + 3*l. Let r = g - 260. Is r a composite number?
False
Let z = 5040 - 1399. Is z a composite number?
True
Let o = 44 + -40. Suppose -4*w + 3700 = o*n, -3*n + 2771 = 2*w - 0*w. Is n a prime number?
False
Let g(c) = -c**2 + 8*c + 3. Let u be g(8). Suppose 2*x - 205 = u*l, 2*x - 92 = x + 5*l. Suppose x + 237 = 4*v. Is v a composite number?
True
Suppose 5*d + 40 = -0*d. Let i = 16 + d. Is 1*(i/4 + 639) composite?
False
Let c be (-295500)/(-65) - 4/26. Let p = -3003 + c. Is p a prime number?
True
Suppose -3 - 2 = 5*p - 5*d, 3*p = -5*d + 5. Suppose p = h + i - 381, 2*h - 1145 = -h - 4*i. Is h prime?
True
Suppose -29*x + 27*x = -5002. Is x composite?
True
Suppose 4*w - 2*r + 3 - 21 = 0, -4*w = -5*r - 21. Is ((-5080)/(-20))/(w/10) a composite number?
True
Let l be (-7 - (-2 - 1))/(-2). Suppose -2*f - 3*w + 496 = -4*f, -l*w + 1262 = -5*f. Is (f/(-3))/(6/9) a prime number?
True
Let r = -5462 - -14904. Suppose -4*f + r = 1678. Is f a prime number?
False
Suppose 0 = -3*b - 101 - 19. Let w = 123 + b. Suppose -6*y + 4*d = -y - w, -5*y - 3*d = -104. Is y prime?
True
Let r(u) = -u**2 - 2*u - 1. Let t be r(0). Let g be ((-9)/(-3)*-1)/t. Is (10/g)/(28/1974) a composite number?
True
Is (1*-887)/(((-40)/(-8))/(-5)) prime?
True
Is (-106)/477 + (32728/18 - -1) prime?
False
Suppose 0 = 3*z - 62 - 58. Is 1253/5 + 16/z composite?
False
Suppose -2*s - 2 = -10. Suppose h + 0 = s. Suppose -h*q = q - 285. Is q a prime number?
False
Suppose c = -2*i + 8782, -4*i + 0*i = -5*c + 43910. Is c composite?
True
Suppose -10*g + 41568 = -9902. Is g a composite number?
False
Let k be (-9)/3 + (-204)/1. Let u = k + 352. Is u composite?
True
Suppose 4*n + 1062 = 362. Is 703/5 - 5*14/n a composite number?
True
Let z be (-3 + 22/10)*(4 + 1). Is 7311/15 - ((-54)/15 - z) prime?
True
Suppose -4*l + 4*b + 32 = 0, -3*l = 6*b - b + 8. Suppose 0 = -4*f - 5*z + z + 504, l*z = 5*f - 639. Is f a composite number?
False
Is (141940/7)/4 - (-4)/(-14) prime?
False
Is ((-1743)/9)/(3/(-9)) composite?
True
Let k = -30 - -27. Let b be (-1 - -5)*k/12. Is (-17)/(-17)*(b + 47) prime?
False
Suppose -2*q = 4 - 268. Let g = q - 407. Let z = -186 - g. Is z prime?
True
Suppose -3*v = -15*v + 119604. Is v composite?
False
Suppose 3*x = 6, 2*x + 14 = 2*r - 4. Let k be r/6 + (-6)/(-36). Suppose -5*b - 355 = -3*l - k*l, 4*b - 118 = -2*l. Is l prime?
True
Let d = 17333 + -7276. Is d a prime number?
False
Let s be (-102)/(((-2)/5)/((-1713)/(-15))). Is 3/(-8) - s/(-24) a prime number?
True
Let l(k) = -2*k**2 - 4. Let h be l(-2). Is 25/(-20) + 9/h + 489 a prime number?
True
Let x be (2637/(-27))/(1/(-3)). Is (x/2)/(8/16) a composite number?
False
Let v(y) = -3050*y + 277. Is v(-11) a prime number?
True
Suppose -11535 = -r - 2*o, 3*r + 57700 = 8*r + 5*o. Is r composite?
True
Suppose -2*a + 2*c - 6161 = -25329, -3*a + c = -28758. Is a prime?
True
Is 7418 + 1 - (-63 + 71) composite?
False
Let k(b) = -8*b + 3. Let z(r) = -4*r + 1. Let n(p) = -k(p) + 6*z(p). Let a(j) = j**2 - 11. Let w be a(0). Is n(w) prime?
True
Let a(s) = -1989*s + 617. Is a(-14) a composite number?
False
Suppose -9*i = 31 - 58. Suppose y - 39 = -i*z + 32, -2*y + z = -149. Is y prime?
False
Suppose 4*j - 4 = -4*n + 24, -4*n + 22 = 2*j. Suppose j*r - d + 4 = 0, -3*r + 4*d - 26 = -10. Suppose r = -4*g + 5*g - 31. Is g prime?
True
Let h be (0 + 1)*0/(-8). Let k(c) = 6*c**2 - 5*c - 78. Let v(n) = -17*n**2 + 14*n + 235. Let i(u) = 11*k(u) + 4*v(u). Is i(h) a prime number?
False
Suppose -5*l - 3*w - 2 = 1, l - 3*w + 15 = 0. Let u(k) = 70*k - 53. Let m be u(-7). Is l/2 - m/6 prime?
True
Let x(f) = 5*f**2 + 33*f - 6. Let z be x(6). Suppose -3*v + 5*u + z = 0, 6*v - u = 7*v - 132. Is v composite?
True
Let t(g) = -g**3 + 2*g**2 + g - 2. Let j be t(2). Let o = 2 - j. Is 74/(o*(-2)/(-2)) prime?
True
Suppose 3*g - 4 = -4*h, g + h = -0*h + 1. Let z(s) = s - 2 - 12 - 3*s + g. Is z(-12) a composite number?
True
Suppose 3*l + v + 26 = 0, -3*l = -v + 3 + 19. Is (-2)/l + 2 + (-2175)/(-20) a prime number?
False
Suppose -2*w = p - 3, -5*w - 7 = -4*p + 5. Let n(t) = t + 1. Let s(a) = 63*a + 14. Let y(j) = -21*n(j) + s(j). Is y(p) a composite number?
True
Let v(a) = 97*a - 1. Let j be v(-3). Let p(b) = b**3 - b**2 + 4*b + 27. Let u be p(9). Let n = u + j. Is n a composite number?
False
Let b be 5/(-2) - 7/(-14). Is (-5263)/b + (-9)/(-6) prime?
True
Let l(q) = q**3 + 2*q**2 + 11*q + 11. Let x be l(-8). Let d = x + 218. Let u = -146 - d. Is u composite?
False
Suppose 4*k + 5*d - 28919 = 0, k - 7229 = -32*d + 31*d. Is k a composite number?
True
Let j be (-10)/(0 + 10/(-45)). Suppose -2*o + 125 = 5*q - j, q + o = 34. Suppose -z + 4*k + 11 = 0, 0 = 4*z - 6*z + 2*k + q. Is z prime?
True
Suppose k + 11930 = n, 11*k + 3 = 10*k. Is n a prime number?
True
Let y(x) = -9*x**2 - 4*x**2 + 9*x + x**3 - 3 + 0*x**2. Let d be y(8). Let p = 445 + d. Is p composite?
True
Is (-38738)/(-70) - (-3)/5 - -3 prime?
True
Let y(g) = 46*g**2 + 3*g + 23. Is y(-12) prime?
False
Let p(a) = 3181*a. Is p(2) a prime number?
False
Suppose 0 = -5*o - 25, -2*n = -o - 2 - 9. Suppose